 (32/q)/(2/3)?
2
Let j = -1295 - 83. Let o = j + 2801. What is the tens digit of o?
2
Let y(x) = 7*x**3 - 30*x**2 + 138*x - 190. What is the tens digit of y(15)?
5
Suppose -7 = 5*n - 22, -4*r + 5*n = 267. Let q be (-42)/r - 4*(-5)/6. Suppose q*p - 5*p = -89. What is the units digit of p?
9
Suppose -14*a + 195 + 141 = 0. Let d(x) = x**3 - 24*x**2 + 26*x - 29. What is the hundreds digit of d(a)?
5
Let x(j) = j - 6. Let i be x(4). Let w(o) = -278*o + 11. Let f be w(i). Suppose -3*z + f = 2*s, z = -2*s + 80 + 113. What is the units digit of z?
7
Suppose -5*a - 6 = 4, -10 = 5*r + 5*a. Let u(x) = -232 + 2*x**3 - x**3 + 489 - 234. What is the units digit of u(r)?
3
Let k be (-1)/(-4) - 127800/(-32). Suppose k = -11*i + 14169. What is the tens digit of i?
2
Suppose 24*z = 21*o + 19*z - 305333, 4*z = -2*o + 29048. What is the units digit of o?
8
Let x(b) = 3*b**2 + 87*b + 1841. What is the thousands digit of x(-119)?
3
Let o be -1 + 1 + -7 + 3. Let w(b) = -7*b**3 + 0*b**3 + 6*b**3 + 5*b - 18 - 4*b**2 + 3*b**2 + 11. What is the tens digit of w(o)?
2
Let n(i) = -i**3 + 9*i**2 - 9*i - 3. Let s be n(7). Suppose -11*k + 12 = -s. What is the tens digit of (-64)/6*(-12)/k?
3
Let v be 22/(-66) + 1/3. Suppose 3*k = 4*m - v*k + 22, -2*k + 20 = -4*m. What is the tens digit of (-4 - 20/m) + 37?
3
Suppose 5*z - 862 = -5*c + 1373, z = 5*c + 417. What is the hundreds digit of (z/5)/((-3)/((-135)/18))?
2
Suppose -4*t = -f + 30, -10 = -3*f - 3*t - t. Let g(b) = -3*b + 28. Let d be g(f). What is the units digit of (2 - -23) + 6 + 2/d?
0
Let f = 6034 - 3633. Suppose 11*v - f - 4584 = 0. What is the hundreds digit of v?
6
Let w = -201 - -196. What is the units digit of (-19971)/(-19) + 12/570*w?
1
What is the ten thousands digit of (-139)/3614 - 319957/(-26)?
1
Let c(g) = 3*g**2 - 2*g + 1. Let w be c(2). Let k be (3/w)/(3/27). Suppose 0 = k*o + 9*o - 336. What is the units digit of o?
8
Let q = 24083 + -13988. What is the ten thousands digit of q?
1
Suppose -r + 5*d - 12 = 2*r, -3*d + 14 = 5*r. Let w be (104/(-32))/(r/(-72)). Suppose 5*l - w - 71 = 0. What is the tens digit of l?
6
Suppose -76*r = -15*r - 9178 - 586487. What is the tens digit of r?
6
Suppose a + 21 = 6. Let u = 125 - a. Suppose -2*p + u = -8. What is the units digit of p?
4
Suppose -26*i = -27*i + 349. Suppose 2*w - i - 223 = 4*h, h - 295 = -w. What is the units digit of w?
2
Suppose -9588*q - 9126 = -9606*q. What is the hundreds digit of q?
5
Let x(j) = j**3 - 39*j**2 + 8*j + 98. What is the units digit of x(44)?
0
Let v = 35745 - -15418. What is the thousands digit of v?
1
What is the units digit of (-171)/(-2)*4*15106/546?
2
Let n = -655 + 412. What is the units digit of n/(-54)*(-532)/(-3)?
8
Let k(p) = -p**3 + 34*p**2 - 45*p - 1. Let l be k(30). Suppose 0 = 2*o - l - 375. What is the tens digit of o?
1
Let t = 596 - -546. Suppose -1272*y = -1274*y + t. What is the hundreds digit of y?
5
Let j be (9/6)/(-1)*-798. Suppose -5*b - 8*g + 11*g = -j, -4*b = -g - 959. What is the tens digit of b?
4
What is the thousands digit of 71772/(-48)*(-96)/6?
3
Suppose 6*a - 40 + 34 = 0. What is the units digit of (1881/(-18))/(a/(-2))?
9
Suppose 2*z - 2 = 4, 3*d - z - 66 = 0. Suppose 18*g + 2780 = d*g. What is the tens digit of g?
5
Let b(p) = -123*p - 96. Let q be b(-10). Let j = q - 626. What is the tens digit of j?
0
Suppose -44*d + 49*d = -3*z + 9318, -3*d = -4*z - 5614. What is the tens digit of d?
6
Suppose 13*b - 83314 - 78398 = -20272. What is the tens digit of b?
8
Suppose -3*q = -k + 8, 3*k + 0*q - 2*q - 38 = 0. Suppose -k*c + 4*w + 1622 = -9*c, -5*c - 4*w = -1638. What is the tens digit of c?
2
What is the hundreds digit of 27538*18/(-48)*(-4)/3?
7
Let s = 127 - 113. Suppose 4186 = 28*m - s*m. What is the units digit of m?
9
Let k = 2 - -1. Suppose -3*j = k*f, -4*f + 1 = f + 4*j. What is the units digit of (380/(-40))/(f/(-8))?
6
Suppose 7*y + 0*y = 2*t - 49575, -4*t + 3*y = -99117. What is the tens digit of t?
7
Suppose -10*r = -r - 3015. Let u = r - -229. What is the hundreds digit of u?
5
Let x(t) be the second derivative of -41*t**3 - 53*t**2 - 249*t. What is the units digit of x(-7)?
6
Suppose -51192 = 61*j - 70*j. Suppose -15 = 5*p, 5*g + 2*p - 4421 = j. What is the tens digit of g?
2
Let j = -1705 - -18694. What is the tens digit of j?
8
Let c(k) = 20*k**2 - 3*k - 3. Let g be c(-1). Suppose -4*w + 3012 = 4*o, -w + 23*o + 749 = g*o. What is the hundreds digit of w?
7
What is the units digit of (-8 - 931/(-14) - 4)*100/1?
0
Let s(p) = -p**3 - 12*p**2 + 6*p + 11. Let k be s(-12). Let d = k + 86. What is the tens digit of d + (-5)/10*8?
2
Suppose -62530 = -9*q + 25967. What is the units digit of q?
3
Suppose v - 96 = -2*v. Suppose 30*m + 830 = v*m. Suppose -4*o = -5*r - 332, -r - 4*r = -5*o + m. What is the units digit of o?
3
Let f(n) = n**3 + 91*n**2 + 44*n - 374. What is the ten thousands digit of f(-87)?
2
Let y(b) = b**3 + 14*b**2 + b + 21. Let l be y(-14). Let a(n) = -83*n + l - 46*n + 32*n + 0. What is the hundreds digit of a(-1)?
1
Let v(l) be the third derivative of -l**6/120 - l**5/6 - l**4/12 - l**3/3 - 2*l**2. Let z be v(-10). Suppose -36 = -3*h + z. What is the units digit of h?
8
Let x = -414 - -418. Suppose 26*k + x*k - 2970 = 0. What is the units digit of k?
9
Let o(x) = 87*x**2 + 69*x - 169. What is the thousands digit of o(25)?
5
Suppose -h - k = -9, 0*h - 3*h + 3*k + 15 = 0. Suppose 0 = -h*d + d - 1218. Let l = 9 - d. What is the tens digit of l?
1
Suppose 647175 = 71*v + 4*v. What is the thousands digit of v?
8
Let c(r) = -25*r**2 - 13*r - 10. Let p be c(-5). Let u = p + 1090. Suppose -4*f = -2*f - u. What is the units digit of f?
0
Suppose 54*w - 55*w - 6593519 = -242*w. What is the tens digit of w?
5
Let k(r) = -r**3 - 7*r**2 + 4*r + 20. Let a(q) = -q**3 + 4*q**2 + 6*q - 20. Let s be a(4). Let t be 6/s - (1 - 57/(-6)). What is the tens digit of k(t)?
4
Suppose -12*v = -a - 8*v - 144, 2*v = 8. Let t = a + 588. What is the hundreds digit of t?
4
What is the thousands digit of (-972)/(-6156) + (-107651)/(-19)?
5
Let d(n) be the third derivative of -11*n**5/120 + n**4/4 + n**3/3 + 20*n**2. Let k(p) be the first derivative of d(p). What is the units digit of k(-4)?
0
Suppose 2 = -2*w + 12. Suppose w*z + 20 = 7*z. Suppose -2*f = -5*i + 42 + z, 5*i = -3*f + 72. What is the units digit of i?
2
Suppose -3*j - 12 = -18. Suppose j*b - 4*o + 20 = 0, -12 = -0*o - 4*o. Let t(u) = -5*u**3 - 4*u**2 - u - 4. What is the hundreds digit of t(b)?
2
Let v = 95 - 96. Let t(s) = -129*s + 7. Let x be t(v). Suppose -364 = 134*i - x*i. What is the units digit of i?
2
Let l(a) = a**2 + 5*a + 8. Let k be l(-2). Suppose k*s = 3*b + 1216 + 2113, 0 = 5*s + 5*b - 8385. What is the tens digit of s?
7
Let m(j) = j**3 - 12*j**2 - 45*j + 17. Let g be m(13). Let b = 1133 + g. What is the hundreds digit of b?
7
Suppose -20*l = 3*x - 18*l - 91, -5*l + 13 = x. Suppose -x*g + 1813 = -15677. What is the hundreds digit of g?
5
Let b = 165 + -165. Let a = 47 + b. What is the tens digit of a?
4
Suppose 50917 = r + j, -11370*r + 11374*r - 203628 = 4*j. What is the thousands digit of r?
0
Suppose -3*f + 9532 = -2*a, 0*f = 4*f - 2*a - 12708. What is the tens digit of f?
7
Suppose -3*m + 81585 = -x - 2203, -111704 = -4*m + 4*x. What is the units digit of m?
1
Let i be ((-11)/((-66)/615))/(1/6). Suppose -g + 307 = 2*l, 3*l + 3*g - i = -l. What is the units digit of l?
3
Let f = 10388 - 1129. What is the hundreds digit of f?
2
Let b be ((-8)/5)/((-14)/105). Suppose 57*v + b = 60*v. Suppose v*o + 5*n - 34 = 0, 0 = -3*n + 3 + 3. What is the units digit of o?
6
Suppose 2*v + 3*v - 20391 = 2*v. What is the units digit of v?
7
Suppose 4*j = 2*h + 8368, j + 4176 = 3*j - 5*h. Let l = 1436 - j. Let i = l - -967. What is the hundreds digit of i?
3
Suppose -7*c - 242 = -2*c + 3*k, 5*c + 2*k + 238 = 0. What is the tens digit of (5/(40/c))/((-7)/1176)?
6
Let k(u) be the first derivative of -2*u**4 + u**3/3 - 6*u**2 - 5*u - 274. What is the units digit of k(-5)?
0
Let p be (-1)/(-3 + 56/20). Let n be (-83)/p*(-10)/2. Suppose f + 4*c = 43, 5*f - 4*c - n = 12. What is the tens digit of f?
2
Let j be -7 + 3149/3 + 4/(-6). What is the tens digit of j - 9/((-9)/(-5))?
3
Let g be ((-6)/27)/(2 + 38/(-18)). Suppose -l + g*s - 27 = 0, -5*s + 78 + 7